/85 - (1285/(-25) + 3). Calculate the greatest common factor of 35 and h.
7
Let x be 42/(-18) + (-336)/(-9). What is the highest common divisor of x and 30?
5
Let m = -113 - -212. Suppose -10*c - c = -m. Suppose -2*l - l = -81. What is the greatest common factor of l and c?
9
Let x(o) = 33*o**2 + 10*o - 3. Let j be x(5). Suppose j*a - 15 = 871*a. Calculate the greatest common factor of a and 9.
3
Suppose 15 = -9*k + 14*k. Suppose -5*u = 4*m - 160, 0*m = 4*m - k*u - 128. Calculate the highest common divisor of 14 and m.
7
Let k(z) = -z**3 - z. Let i be k(-3). Suppose 20*c = 27*c. Suppose 4*s = -5*q + 12 + 36, c = 5*q + 3*s - 51. Calculate the highest common factor of q and i.
6
Let s(x) = 812*x - 1412. Let p be s(3). What is the greatest common divisor of p and 2176?
128
Let i(n) = -n**3 - n**2 + 4*n + 5. Let d = -77 - -75. Let x be i(d). Calculate the greatest common divisor of x and 5.
1
Let d(y) = 126*y + 2154. Let q be d(-14). What is the highest common divisor of q and 2430?
30
Let g be ((-91)/65)/((2*-1)/30). Let l be (50/5)/(7/g). Calculate the greatest common factor of l and 160.
10
Let m be 4/16*(21586 - 1) + 104/(-416). Calculate the highest common factor of m and 266.
38
Let v(r) = -2*r**2 - 142*r - 913. Let d be v(-63). Calculate the greatest common factor of d and 50.
5
Let y be ((-12)/26)/((-144)/936). Suppose 2*p + y*n - 48 = 0, 3*n + 11 - 101 = -4*p. What is the highest common divisor of p and 336?
21
Let m(u) = -8*u**2 - 1489*u + 118. Let b be m(-72). What is the greatest common factor of b and 38?
38
Let b be 299 - (-5 + 7 + -7). Let y = -1665 - -1684. What is the highest common divisor of b and y?
19
Let u(v) = -v**3 + 15*v**2 - 41*v + 380. Let z be u(14). What is the highest common factor of 67 and z?
1
Suppose 21*d - 24*d + 3*v = 321, v - 2 = 0. Let t be ((-2)/(-1))/(3 + 312/d). Calculate the highest common divisor of 110 and t.
10
Suppose 66*b = -3530 + 4058. Let h = 566 - 366. What is the highest common factor of h and b?
8
Suppose 4*r + 2*s = -28, -2 - 14 = 3*r - s. Let b be (-3060)/(-110) - r/33. What is the highest common factor of b and 28?
28
Let c = 404 + -892. Let q = c + 1388. What is the highest common divisor of q and 9?
9
Suppose 10607 = 4*x - 4*v - 1857, -11*v + 15436 = 5*x. Calculate the highest common factor of 13 and x.
13
Let o(v) = v**3 + 5*v**2 - 19*v - 51. Let y be o(-6). Let s = 37 - -8. What is the highest common divisor of s and y?
9
Suppose -5*d + 41*d - 1292 = 19*d. Calculate the greatest common divisor of d and 2508.
76
Let h = -121 - -2389. Calculate the highest common divisor of h and 28.
28
Suppose -684 + 3280 = -4*b. Let i = -449 - b. Suppose 406*l - 248*l - 1352 = 4968. Calculate the highest common divisor of i and l.
40
Suppose -62*h + 4205 = -7513. Let l = 24 + -17. What is the highest common divisor of l and h?
7
Suppose -2*s + 5*s - 195 = 0. Suppose -2*q - 10 = -4*p, -132*q + 133*q = 3*p - 10. What is the greatest common divisor of q and s?
5
Suppose 3*n = -0*v + v - 48, 0 = 4*v + n - 153. Suppose -4*o - 14 = -4*r + 14, -3*o + v = 3*r. Calculate the greatest common divisor of 125 and r.
5
Let a be 1*5*27/15. Suppose 31*h - 21*h - 120 = 0. Calculate the greatest common factor of a and h.
3
Suppose 5*q = 3*g - g + 37, -4*g - 5*q = 149. Let k = 38 + g. Let d(l) = 10*l**2 - 3*l + 1. Let s be d(2). Calculate the highest common divisor of k and s.
7
Let d = -3305 - -3674. Let m(w) = -w**2 + 19*w - 7. Let c be m(16). Calculate the greatest common divisor of d and c.
41
Let a = -695 + 699. Let f be 3/a + 4554/72. What is the highest common divisor of 464 and f?
16
Let a = 59 + -24. Suppose 0 = 6*b + 23 - 83. Suppose 6 = -2*s, 11*l + 5*s = b*l + 300. What is the greatest common divisor of a and l?
35
Suppose 3*r + 2*o - 939 = 0, -r - 5*o = -3*r + 607. Let d = 357 - r. What is the highest common factor of d and 46?
46
Let u be 15/(-3) - (91 + 1). Let p(d) = d**2 + 21*d - 21. Let g be p(-17). Let x = g - u. What is the greatest common factor of 1 and x?
1
Suppose -416 = 2206*i - 2232*i. Calculate the highest common factor of i and 6736.
16
Let w = 76 - 752. Let l = w + 998. What is the greatest common factor of l and 138?
46
Suppose 12 = 15*c - 63. Suppose 8 = p - 4*a - 13, 3*a = -c*p - 10. Let y(q) = 176*q + 4. Let h be y(p). Calculate the greatest common factor of h and 20.
20
Let f(m) = -25*m**3 - m**2 - 2*m. Let j be f(-1). Let t = -38 - -229. Let x = t - -43. What is the greatest common factor of j and x?
26
Let i be 22308/9 - (-7 - (-140)/21). Calculate the highest common factor of 201 and i.
67
Suppose 3*k = 4*q + 3, 0*k - 1 = -k - 2*q. Let i(z) = 9*z**2 + 4*z - 5. Let g be i(k). What is the greatest common divisor of g and 56?
8
Let v be 2*(2 + (-63)/(-18) + -5) + 25. What is the highest common factor of 45266 and v?
26
Let a = -38 - -82. Suppose -4*g - 21*h + 1202 = -23*h, -g = -4*h - 325. What is the greatest common factor of a and g?
11
Suppose 1667 = 2*v + j, j - 2769 - 564 = -4*v. What is the highest common divisor of 196 and v?
49
Suppose 2*l - 2*d = 13769 + 5103, -12*l - 3*d + 113232 = 0. Calculate the highest common divisor of 28 and l.
28
Let c be (-119 + 3)*3/(-6). Suppose 10*x - c + 8 = 0. Suppose s = x*s - 120. Calculate the highest common factor of 60 and s.
30
Suppose -6*c = -2*c - 4*o - 180, -4*c + 2*o + 180 = 0. Suppose 28*x - 77*x + 6615 = 0. Calculate the greatest common divisor of x and c.
45
Let q = 89 - 84. Suppose x = q*z - 16 - 26, 4*x + 33 = 5*z. Calculate the highest common factor of 99 and z.
9
Let q(y) = y**2 - 13*y + 20. Let p be q(13). Let o = -156 + 427. Suppose 5*r - 129 - o = 0. What is the highest common factor of r and p?
20
Suppose 25*h - 887 = -112. Suppose 1508 = h*t - 2*t. What is the greatest common divisor of 156 and t?
52
Let z(d) = -d**2 - 17*d - 40. Suppose -45 = 2*y - 5*j - 8, 4*y - 2*j + 34 = 0. Let b be z(y). What is the greatest common factor of b and 104?
26
Let v = 7815 + -1602. What is the highest common divisor of 57 and v?
57
Let i be ((-1160)/80)/(3/(-90)). What is the greatest common factor of 240 and i?
15
Let z(l) = 6*l**3 + 11*l**2 + 5*l - 46. Let c be z(6). Calculate the highest common divisor of 12 and c.
4
Let v be (15 + -3)*3/(-6) - -4. Let s = 8 + -16. Let w be s/(72/(-187)) + v/(-9). Calculate the greatest common factor of w and 7.
7
Let j = -63 + 183. Let a(p) = 2*p + 21. Let q be a(-8). Suppose -5*i = q*u - 75, -2*u - 15 = u. Calculate the highest common divisor of i and j.
20
Suppose -10 + 66 = -14*c. Let h(i) = -i**3 - i**2 - 8*i - 2. Let m be h(c). Calculate the greatest common divisor of 6 and m.
6
Suppose 0*u - 4*u = -224. Suppose -4*g + 2232 = 2*z, -2231*z + 2226*z = -2*g + 1140. What is the greatest common divisor of u and g?
56
Suppose 0 = -12*c - 64 + 316. Let z = 102 - -87. Calculate the greatest common divisor of z and c.
21
Suppose 0 = -0*n + 14*n - 84. Let t be 6 - (n - 462)/4. Calculate the greatest common factor of 8 and t.
8
Let a be (6/9)/((-21)/(-3108)) - 6/9. What is the highest common factor of a and 22687?
49
Suppose 8*c - 34 + 2 = 0. Let m be 426/c - (-4)/8 - 2. Suppose -8*a + m = -a. What is the greatest common divisor of 6 and a?
3
Suppose 121*s - 2375 - 18921 = 0. Suppose 4*g + 18 = 106. What is the highest common divisor of g and s?
22
Suppose 20149 = -21*p + 79*p - 3341. What is the highest common factor of 240 and p?
15
Let w = -4245 - -5138. What is the greatest common factor of 235 and w?
47
Let x(u) = 31*u**2 + 273*u + 801. Let s be x(-3). Calculate the greatest common divisor of 11049 and s.
87
Let k(v) be the third derivative of v**4/24 + 7*v**3/2 - v**2. Let b = 1539 + -1548. Let z be k(b). What is the highest common factor of z and 3?
3
Suppose 2*l + 4*j - 20 = 0, 5*j = -1 + 6. Let v = 235 - 244. Let a be v/6 - 693/(-14). What is the greatest common factor of a and l?
8
Let q = -3104 + 3119. Calculate the greatest common divisor of q and 480.
15
Suppose 5*u + 51*k = 47*k + 746, -5*u + 4*k = -754. Calculate the greatest common factor of 2475 and u.
75
Suppose -249 = -34*f + 329. Suppose 5*x = x + 476. Calculate the highest common factor of f and x.
17
Let r = 421 - -415. Let x = 839 - r. Let b(m) = -2*m**3 - 3*m**2 + 5*m + 3. Let t be b(-3). Calculate the greatest common divisor of t and x